 be l(s). Calculate the greatest common divisor of h and 231.
21
Suppose 25*a + 18 + 1328 = 10446. What is the greatest common factor of a and 280?
28
Suppose -1735 = -2*w + 5*f, -6*w - 5*f = -w - 4390. Suppose w - 315 = 4*l. What is the highest common factor of l and 84?
28
Suppose 10*u - u + 2*u = 4752. Calculate the highest common factor of 624 and u.
48
Let k = 3257 + -3117. Calculate the highest common divisor of 70 and k.
70
Let h be (-2)/(-6) + (-5)/(-3). Let j(q) = 7*q. Let l be j(h). What is the greatest common divisor of 70 and l?
14
Suppose 0 = -4*a - 9 + 185. Suppose 727 = 5*p - 172 - 201. Calculate the highest common divisor of p and a.
44
Suppose -5*d - 5*c + 365 = -d, d - 105 = -4*c. Let r = -79 + d. Suppose -r*u - 44 = -302. What is the highest common divisor of 473 and u?
43
Let f be (48/(-96))/(236/(-232) + 1). What is the highest common factor of 2813 and f?
29
Let v(n) = 2*n**2 + 8*n - 2. Let c be v(-4). Let d be (-1 - 25)*(13/c - -3). Let z = -77 + d. What is the highest common divisor of z and 2?
2
Suppose 0 = -2*i - 0*i + 3*q + 1397, -2096 = -3*i + 4*q. Suppose 5*r = -m + 495, 3*r - 5*m - 95 - 230 = 0. What is the greatest common divisor of i and r?
100
Let m = -14944 + 16698. What is the greatest common factor of 2 and m?
2
Let v(s) be the second derivative of 5/6*s**4 - 1/20*s**5 + 0 + 5*s**2 + 1/6*s**3 + 7*s. Let o be v(9). What is the greatest common factor of 10 and o?
10
Suppose 9*n - 51 = 57. Suppose n*f = 15*f + g - 57, -g = -3. Suppose -4*p = p - 90. What is the highest common divisor of p and f?
18
Suppose -4*x = c - 10, -2*c + x - 7 + 9 = 0. Suppose 43 = a + k, -c*a + 5*a - 133 = -2*k. Calculate the greatest common divisor of 141 and a.
47
Suppose 40*i = 487 + 7433. What is the highest common divisor of i and 187?
11
Let d = -420 + 420. Suppose 4*p + 2*z - 3204 = d, -5*z + 810 = 10*p - 9*p. Calculate the greatest common divisor of p and 32.
32
Let q = 2817 - 2794. What is the greatest common divisor of 1564 and q?
23
Suppose -12*w + 445 = o - 13*w, o + 2*w = 457. Let k = o + -288. What is the greatest common factor of 69 and k?
23
Let g be ((-132)/15)/(((-3)/18)/((-70)/(-28))). Suppose -h + 0*h = -36. What is the greatest common divisor of h and g?
12
Let b be -12*(3/9 - 8). Suppose 32*f - 33*f + b = 0. Suppose 3*n - 4*n = -4. What is the highest common factor of n and f?
4
Let b = -23037 - -23073. What is the highest common factor of b and 1017?
9
Let l be 0 + 1 + -3 - 12. Let v = l - -23. What is the highest common factor of v and 27?
9
Let a = -13 + 19. Suppose -68 = -2*n + 5*r, -4*n - 13*r + 15*r + 104 = 0. Calculate the greatest common divisor of a and n.
6
Suppose -2*r + 22363 = -7*o + 4*o, 0 = 9*r + 3*o - 100683. Calculate the greatest common factor of 42 and r.
14
Suppose -3*l + l - 2*p = -4, -16 = -2*l + 4*p. Let g = l + 21. Suppose -24*n - 30 = -g*n. What is the highest common factor of n and 10?
10
Suppose -4*v - 3*r = -443, v - 221 = -v - r. Let y(m) = -17*m - 119. Let w be y(-7). Suppose 7*i - 347 + 39 = w. What is the highest common factor of v and i?
22
Suppose 20298 = 12*z + 15306. Calculate the greatest common factor of 104 and z.
104
Suppose 8*z = -37*z + 95265. Calculate the greatest common factor of z and 73.
73
Let b(c) = 3671*c + 1343. Let k be b(3). Calculate the greatest common divisor of 8 and k.
4
Suppose q - 53 + 74 = 0. Let x = 61 + q. Let j(n) = n**3 + 8*n**2 - 18*n - 15. Let f be j(-7). What is the highest common divisor of f and x?
40
Suppose -3*r - 1890*b + 1893*b + 1098 = 0, -5*r + 4*b + 1825 = 0. Calculate the highest common factor of r and 323.
19
Let d = -436 - -443. Suppose 5*j + d = 172. Suppose 0 = 3*c + 2*c + 3*k - 1482, -2*c + k + 595 = 0. What is the greatest common factor of j and c?
33
Let f(t) = -5*t - 3. Let k be f(-2). Suppose -140 + 239 = 9*w. Let q(z) = -3*z + 40. Let m be q(w). Calculate the greatest common divisor of m and k.
7
Suppose 6*q - g + 698 = 7*q, 0 = 2*q - 5*g - 1403. Suppose 737 - q = 2*k. Calculate the greatest common factor of 247 and k.
19
Suppose 0 = 951*b - 108902 - 94612. Calculate the greatest common factor of b and 10.
2
Let j be ((36/(-12))/((-2)/(-156)))/(-2). Let z = j - 51. Calculate the greatest common divisor of 594 and z.
66
Suppose -325 - 755 = 9*r. Let u be 354/5 + 8/r*12. Calculate the highest common factor of 42 and u.
14
Suppose 0 = 90*g - 2198285 - 623461 + 479406. What is the highest common divisor of g and 154?
154
Suppose 21*v - 29*v = -38*v + 4560. What is the greatest common divisor of v and 1862?
38
Let j be 285 + (-3)/(-3)*(0 + -2). Let v = 397 - j. What is the highest common divisor of 76 and v?
38
Let h(o) = -8*o - 9 + 20*o**2 - 3*o - 5*o**2 + 3*o. Let t be h(-4). Let m = -137 + t. What is the greatest common factor of 14 and m?
14
Suppose -4*z - 1384 = -2*g, 3*g + 3*z - 3473 = -2*g. What is the greatest common divisor of g and 1?
1
Let t = 277 - 116. Let f = t + -151. What is the greatest common factor of f and 170?
10
Let d(y) = 15*y + 72. Let a be 1/(-3) - (-1)/(-6)*-122. Let o be d(a). Calculate the greatest common factor of 12 and o.
12
Let g(z) = -14*z - 20. Let o(r) = -9*r - 10. Let p be o(-2). Suppose 61 = -p*k + 21. Let a be g(k). What is the highest common factor of 20 and a?
10
Let a(b) = -b**2 + 10*b + 6. Let s be a(6). Suppose -18819 = -618*d + 185121. Calculate the highest common factor of s and d.
30
Let d be (-126)/12*4/(-6). Suppose -2*l + 13 - d = 0. Suppose -99 = -l*g + k, 2*g = 5*g + 3*k - 87. What is the highest common divisor of 4 and g?
4
Suppose -4*b = -2*z - 22376, 11149 = 5*b + 3*z - 16810. Calculate the highest common factor of 119 and b.
119
Let x be 4/(-108)*-12 + 9632/36. Calculate the highest common divisor of x and 1206.
134
Suppose -401 = -2*b + l, -8*l - 421 = -2*b - 3*l. Calculate the highest common divisor of b and 462.
66
Suppose 20*w + 27*w = 17*w + 720. What is the greatest common factor of w and 5416?
8
Let i be 2/15 - ((-43790)/75 + -4). What is the highest common divisor of 3675 and i?
147
Let a(h) = h**2 + 1133*h + 43724. Let n be a(-40). Suppose -35 = -2*r + 37. Suppose -r = -v - 0*v. Calculate the highest common factor of v and n.
4
Let i be (-332)/6*(-24)/(-16). Let t(q) = 6*q + 87. Let o be t(-24). Let f = o - i. What is the highest common divisor of f and 39?
13
Let o(u) = -u**3 - 10*u**2 - 15*u + 11. Let f be o(-8). Suppose -f*k + k + 880 = 0. What is the greatest common divisor of 55 and k?
55
Suppose -5*r + 5*a = -1565, 0 = -r - 4*r - 5*a + 1595. What is the greatest common factor of r and 108?
4
Let d be (18/(-8) + 0)*(-11040)/90. Let b = d + -132. Calculate the greatest common factor of 16 and b.
16
Suppose -r = -3*g - 28 + 6, -49 = -2*r + g. Let n = 39 + -11. Let j = 203 - n. What is the greatest common divisor of j and r?
25
Let a(p) = -8*p**3 - 3*p**2 - 2*p - 1. Let z be a(-1). Let s be -1 + 3 - (z - 2). Let m = 17 + s. Calculate the greatest common divisor of 9 and m.
3
Suppose 0 = -v, -3*n - v = -3*v - 21645. What is the highest common divisor of n and 195?
195
Suppose -5*y - 10 = 0, 5*u = 6*u - y - 155. Let r = 214 - u. Let q = r - 41. What is the greatest common divisor of q and 70?
10
Suppose -11*q = -2*q - 4185. Suppose 0 = 3*a - 6*a + q. Let n = -8 + 39. What is the greatest common divisor of n and a?
31
Let x = -175 + 209. Let g(s) be the first derivative of -s**4/4 + 7*s**3/3 - 3*s**2 - 3*s - 2. Let p be g(5). Calculate the highest common factor of x and p.
17
Let z(s) = -131*s + 1584. Let p be z(11). What is the highest common factor of 891 and p?
11
Let q be ((-2 - -3) + 36/(-8))*-18. Let r be 1/9 + (-29472)/(-108). What is the highest common divisor of q and r?
21
Let d be (-7)/(1593/(-810) + (-8)/(-10)). What is the greatest common divisor of 5094 and d?
6
Suppose 145*f = 48*f + 6048 + 5107. Calculate the highest common factor of f and 610.
5
Suppose 210*x - 208*x = 0. Suppose -49 + 68 = -z - 5*h, x = -4*z + 5*h + 49. Calculate the greatest common divisor of 654 and z.
6
Let b be (-21)/(1/1*(4 - 5)). Suppose -2*z + b = 9. Let f be (18/(-27) + 0)/((-4)/90). Calculate the highest common divisor of f and z.
3
Let f = -1797 - -6163. What is the highest common factor of 148 and f?
74
Let n be 2/1*(2 + (-9)/(-6)). Suppose n*r + 420 = 12*r. Suppose -210 